{"id":123,"date":"2016-03-24T14:05:36","date_gmt":"2016-03-24T13:05:36","guid":{"rendered":"http:\/\/192.168.8.3\/wordpress\/?page_id=123"},"modified":"2018-10-05T15:20:15","modified_gmt":"2018-10-05T13:20:15","slug":"algemene-ledenvergadering","status":"publish","type":"page","link":"https:\/\/www.zuidplasruiters.nl\/index.php\/algemene-ledenvergadering\/","title":{"rendered":"Algemene ledenvergadering"},"content":{"rendered":"<p>Tweemaal per jaar vindt een Algemene ledenvergadering plaats (\u00e9\u00e9n in het voorjaar en \u00e9\u00e9n in het najaar &#8211; de geplande datum vind je in onze <a href=\"http:\/\/www.zuidplasruiters.nl\/index.php\/agenda\/\" target=\"_blank\">kalender<\/a>). Leden krijgen minimaal drie weken tevoren een uitnodiging. Het is belangrijk dat de leden deze vergaderingen bezoeken. Een prima gelegenheid om vragen te stellen en je inbreng te hebben.<\/p>\n","protected":false},"excerpt":{"rendered":"<p>Tweemaal per jaar vindt een Algemene ledenvergadering plaats (\u00e9\u00e9n in het voorjaar en \u00e9\u00e9n in het najaar &#8211; de geplande datum vind je in onze kalender). Leden krijgen minimaal drie weken tevoren een uitnodiging. Het is belangrijk dat de leden deze vergaderingen bezoeken. Een prima gelegenheid om vragen te stellen en je inbreng te hebben.<\/p>\n","protected":false},"author":1,"featured_media":415,"parent":0,"menu_order":0,"comment_status":"closed","ping_status":"closed","template":"","meta":[],"aioseo_notices":[],"_links":{"self":[{"href":"https:\/\/www.zuidplasruiters.nl\/index.php\/wp-json\/wp\/v2\/pages\/123"}],"collection":[{"href":"https:\/\/www.zuidplasruiters.nl\/index.php\/wp-json\/wp\/v2\/pages"}],"about":[{"href":"https:\/\/www.zuidplasruiters.nl\/index.php\/wp-json\/wp\/v2\/types\/page"}],"author":[{"embeddable":true,"href":"https:\/\/www.zuidplasruiters.nl\/index.php\/wp-json\/wp\/v2\/users\/1"}],"replies":[{"embeddable":true,"href":"https:\/\/www.zuidplasruiters.nl\/index.php\/wp-json\/wp\/v2\/comments?post=123"}],"version-history":[{"count":6,"href":"https:\/\/www.zuidplasruiters.nl\/index.php\/wp-json\/wp\/v2\/pages\/123\/revisions"}],"predecessor-version":[{"id":2570,"href":"https:\/\/www.zuidplasruiters.nl\/index.php\/wp-json\/wp\/v2\/pages\/123\/revisions\/2570"}],"wp:featuredmedia":[{"embeddable":true,"href":"https:\/\/www.zuidplasruiters.nl\/index.php\/wp-json\/wp\/v2\/media\/415"}],"wp:attachment":[{"href":"https:\/\/www.zuidplasruiters.nl\/index.php\/wp-json\/wp\/v2\/media?parent=123"}],"curies":[{"name":"wp","href":"https:\/\/api.w.org\/{rel}","templated":true}]}}