{"id":2383,"date":"2018-06-14T08:45:23","date_gmt":"2018-06-14T06:45:23","guid":{"rendered":"http:\/\/www.zuidplasruiters.nl\/?page_id=2383"},"modified":"2018-08-15T13:16:40","modified_gmt":"2018-08-15T11:16:40","slug":"kur-op-muziek","status":"publish","type":"page","link":"https:\/\/www.zuidplasruiters.nl\/index.php\/kur-op-muziek\/","title":{"rendered":"K\u00fcr op muziek"},"content":{"rendered":"<p>Op zaterdag 3 november 2018 organiseert De Zuidplasruiters een K\u00fcr op Muziek.<\/p>\n<p>Iedereen kan meedoen &#8211; Ook voor niet leden &#8211; Geen verplichte onderdelen &#8211; In je eentje of met z\u2019n allen &#8211; Verkleed of juist op chique &#8211; Leuke prijzen<\/p>\n<p>Gebruik al je creativiteit om een leuke K\u00fcr in elkaar te zetten. Verzin een bijzondere outfit voor jou en je paard\/pony.<\/p>\n<p>Paarden en pony\u2019s worden apart gejureerd. Lengte K\u00fcr maximaal 6 minuten. Cap en laarzen\/chaps zijn verplicht. Deelname<br \/>\n\u20ac 10,00 per K\u00fcr. Muziek op CD aanleveren + een korte beschrijving van jullie combinatie.<\/p>\n<p>Geef je snel op: <a href=\"mailto:evenementzuidplasruiters@gmail.com\" target=\"_blank\">evenementzuidplasruiters@gmail.com<\/a><\/p>\n<p>Wil je weten hoe dit evenement de afgelopen jaren was? Lees dan hieronder de verslagen.<\/p>\n<p><strong>Verslag en uitslag K\u00fcr op muziek 9 december 2017<\/strong><br \/>\nWe begonnen deze leuke middag met een prachtige Frozen k\u00fcr gereden door Nikita Mulder, Lana Tensen en Matthijs Mulder. Ze zagen er prachtig uit en er werd een heel mooie k\u00fcr neergezet. Daarna kwam reed Savannah Roor een prachtige Elfjes k\u00fcr. Ze had een paar dagen tevoren pas besloten mee te doen en reed <span id=\"OBJ_PREFIX_DWT410_com_zimbra_date\" class=\"Object\"><span id=\"OBJ_PREFIX_DWT412_com_zimbra_date\" class=\"Object\"><span id=\"OBJ_PREFIX_DWT419_com_zimbra_date\" class=\"Object\">zaterdag<\/span><\/span><\/span> haar k\u00fcr heel knap gewoon uit haar hoofd. In felroze glitter en glamour kwam Nikita Mulder binnen als een echte Barbie en samen met haar pony reed ze een heel knappe k\u00fcr die door de jury ook werd beloond. Na de pauze werd er getoverd met mooie overgangen in de k\u00fcr van Domino Tak als Tita Tovenaar. Tiny Broere reed met haar prachtige Fries een heel mooie kerstk\u00fcr. Vervolgens kwam de enige echte Lion King de ring in. The King was volledig in leeuwentenue, maar zoals het een echte leeuw betaamt&#8230;.hij had er iets minder zin in en had zo nu en dan een zetje nodig. Daarna was het tijd voor het gevecht van de eeuw: Daphne ten Hoeve kwam als Rocky dansend de baan in. Verder ging alles goed: gelukkig geen gewonden en ook niemand knock out. Marieke van der Heiden bracht met haar Sister Act k\u00fcr veel swing compleet met bijbehorend koor. Het werd vooral spannend voor de deelnemers, want de scores lagen best dicht bij elkaar.<\/p>\n<p>De uitslag:<br \/>\n1. Nikita Mulder &#8211; Barbie<br \/>\n2. Tiny Broere &#8211; Kerst<br \/>\n3. Nikita Mulder, Lana Tensen, Matthijs Mulder &#8211; Frozen<br \/>\n4. Marieke van der Heiden &#8211; Sister Act<br \/>\n5. Savannah Roor- Elfje<br \/>\n6. Domino Tak &#8211; Tita Tovenaar<br \/>\n7. Daphne ten Hoeve &#8211; Rocky<br \/>\n8. Nikita Mulder &#8211; Lion King<\/p>\n<p>Prijzen in overvloed dankzij onze sponsoren: Bremas Ruitersport, Welkoop Haastrecht en Tropika Bergambacht.<\/p>\n<p>Grote dank aan de sponsoren, aan Yvonne voor het &#8216;bevrouwen&#8217; van de kantine, aan Dani\u00eblle voor het maken van de foto&#8217;s en aan iedereen voor de inzet om deze dag tot een succes te maken!!!<\/p>\n<p><strong>Verslag en uitslag K\u00fcr op muziek 15 oktober 2016<br \/>\n<\/strong>Wat een fantastische dag hebben wij achter de rug: dikke pret met je shet, lol met je knol en feest met je paardenbeest! 18 verschillende k\u00fcren hebben we gezien en wat hadden de deelnemers zich uitgesloofd om een bijzondere k\u00fcr in elkaar te zetten met bijbehorende aankleding. De jury bestaande uit Carolina Eerland en Sandra de Mik had er een flinke klus aan om alles te beoordelen.<\/p>\n<p>De uitslag:<\/p>\n<p><span style=\"text-decoration: underline;\">Jeugd<\/span><br \/>\n1 De 3 biggetjes k\u00fcr van Lana Tensen, Nikita Mulder en Domino Tak<br \/>\n2 Song\u00fcl Post met haar Mad Hatter\/Alice in Wonderland k\u00fcr<br \/>\n3 Sanne Hogendoorn en Lisanne Boer met hun Mickey en Minnie Mouse k\u00fcr<br \/>\n4 Nica Hulscher met haar Elfjes k\u00fcr<br \/>\n5 Dewi Schep met haar Spirit k\u00fcr<br \/>\n6 Michelle en Sanne Bregman en Sven Oudijk met hun bijzondere jungle k\u00fcr<br \/>\n7 Anouk Burger met haar Barbie Girl k\u00fcr<br \/>\n8 Chiara Luppes met haar indianen k\u00fcr<br \/>\n9 Jill van Rossum als Spaanse Diva<br \/>\n10 Superman Matthijs Mulder met hulpje Nikita Mulder<\/p>\n<p><span style=\"text-decoration: underline;\">Paarden<\/span><br \/>\n1 Yvonne den Ouden met haar prachtige en ontroerende Pocahontas k\u00fcr<br \/>\n2 Nina Benschop met haar Angels &amp; Devils k\u00fcr<br \/>\n3 Nichelle de Kooker met haar Lion King k\u00fcr met een extra mini leeuw erbij<br \/>\n4 Marieke van der Heiden in slipjas met haar chique k\u00fcr<br \/>\n5 De onstuimige regenk\u00fcr van Angela Schep en Daphne ten Hoeve<\/p>\n<p>Combinaties<br \/>\n1 The Village People k\u00fcr van Fabi\u00e8nne de Haas, Eva Nap-Kok, Angela Schep, Sarah Straver, Marieke van der Heiden en Daphne ten Hoeve<br \/>\n2 Marieke van Lent en Ilse van Dijk met hun zeer nette paardenmeisjes k\u00fcr<br \/>\n3 Anyssa Briegoos en Demi Hoogendoorn met hun indrukwekkende Zorro k\u00fcr<\/p>\n<p>Daarnaast hadden we een originaliteitsprijs. Deze ging naar de prachtig uitgedoste Nica Hulscher die op Snooty haar elfjes k\u00fcr reed. De prijs voor jong talent ging naar Dewi Schep die op het enorm grote paard Leroy een k\u00fcr op de muziek van Spirit reed en ontzag oogstte voor haar stuurkunsten. De aanmoedigingsprijs ging naar Jill van Rossum die met de knappe Diva een prachtige Spaanse k\u00fcr reed.<\/p>\n<p>Voor alle deelnemers waren er meerdere prijzen beschikbaar gesteld door onze fantastische sponsoren. Iedereen ging met een kist appels naar huis en daarnaast nog een of meerdere prijzen. Wij willen onze sponsoren enorm bedanken. Zonder hen was deze dag niet mogelijk geweest.<\/p>\n<p><span style=\"text-decoration: underline;\">Onze sponsoren voor 2016<\/span><br \/>\nNanda van Velzen Dierfysiotherapie en Chiropractie, Erwin Driessen, Welkoop Haastrecht, Van Rijs Zevenhuizen, Bremas Moordrecht, Vente Veevoeders Nieuwerkerk aan den IJssel, Verhoeff Ruitersport Capelle aan den IJssel, R. van der Spek Zevenhuizen, Welkoop Zevenhuizen en Horseshop International Capelle aan den IJssel.<\/p>\n<p><strong>K\u00fcr op muziek 2015<\/strong><br \/>\nNa het succes van vorig jaar werd op zaterdag 17 oktober 2015 or de tweede keer de K\u00fcr op muziek georganiseerd. In een leuke en gezellige sfeer, met veel publiek, werden de meest uiteenlopende k\u00fcren getoond. Alle deelnemers hadden enorm hun best gedaan om zo origineel mogelijk voor de dag te komen en de leukste creaties kwamen voorbij. Zo hebben we onder andere voorbij zien komen een viertal Pippi&#8217;s, Jane from the jungle en KISS. Gelukkig werkte het weer ook mee zodat de schmink bleef zitten, waar het hoorde te zitten.<\/p>\n<p>We willen een paar mensen in het bijzonder bedanken voor hun hulp: Yvonne van den Berg voor het verzorgen van de innerlijke mens, Gerard Westerduin voor het verzorgen van de muziek, Mireille Westerduin voor het maken van foto&#8217;s van alle combinaties en de jury Marloes Schoonen.<\/p>\n<p>Iedereen bedankt voor de gezellige middag en we hopen dat iedereen volgend jaar weer meedoet!<\/p>\n<p>Uitslag pony&#8217;s<br \/>\n1. Nikita Mulder en Pippi Maree<br \/>\n2. Fabienne de Haas<br \/>\n3. Sanne Hoogendoorn en Lisanne Boer<br \/>\n4. Xena Klomp<br \/>\n5. Nanda van Houwelingen, Laura Westerduin, Floor van Ginkel en Alieke van Maurik<br \/>\n6. Rozemarijn van Ginkel en Britt Ottingh<\/p>\n<p>Uitslag paarden<br \/>\n1. Lara Valk<br \/>\n2. Nichelle de Kooker en Tamara Koetsier<br \/>\n3. Rionne de Kooker en Marieke van der Heiden<br \/>\n4. Eva Kok en Angela Schep<br \/>\n5. Daphne ten Hoeve<\/p>\n<p><strong>K\u00fcr op muziek 2014<\/strong><br \/>\nZondag 28 september 2014 werd voor het eerst de Zuidplasruiters K\u00fcr op Muziek wedstrijd gereden en wat een enorm succes was dit! Bijna 30 deelnemers kwamen aan start en allemaal hadden ze zich heel goed voorbereid. Sommigen deden alleen mee, maar ook met zijn twee\u00ebn, drie\u00ebn en met zijn vieren kwamen zij aan start. Aan bijzondere uitdossingen geen gebrek: van foute glitter naar mooie hartjes via strak in het pak tot legertenue, alles kwam aan bod. De jury\u2019s van de dag hebben er een flinke kluif aan gehad, want er moest beoordeeld worden op maar liefst 16 verschillende punten. Uiteraard telden een aantal punten zoals muziekkeuze en originaliteit dubbel.<\/p>\n<p>Er is gestreden in de jeugd- en volwassenenklasse en de uitslagen zijn als volgt:<br \/>\nJeugd<br \/>\n1e Kim Nijholt en Georgette Vleeming met hun lange lijnen k\u00fcr<br \/>\n2e Femke van Voorst en Lisanne Boer met hun piraten k\u00fcr<br \/>\n3e Fabi\u00ebnne de Haas met haar dalmati\u00ebr k\u00fcr<br \/>\nVolwassen<br \/>\n1e Marieke van der Heiden met haar hiphop k\u00fcr<br \/>\n2e Benthe Witlox, Chloe Snel, Anne Korbee en Sietske Schalkwijk met hun Grease k\u00fcr<br \/>\n3e Lara Valk<\/p>\n<p>Het was een ontzettend leuke dag, mede mogelijk gemaakt door onze sponsoren:<br \/>\n\u2022 Van Rijs &#8211; Zevenhuizen<br \/>\n\u2022 Verhoeff Ruitersport &#8211; Capelle aan den IJssel<br \/>\n\u2022 Horseshop International &#8211; Capelle aan den IJssel<br \/>\n\u2022 Welkoop &#8211; Zevenhuizen<br \/>\n\u2022 Kwekerij van Tilburg &#8211; Moordrecht<br \/>\n\u2022 Dierenwinkel &#8211; Moordrecht<br \/>\n\u2022 Vente Veevoerders &#8211; Nieuwerkerk aan den IJssel<br \/>\n\u2022 Bremas &#8211; Moordrecht met Equi Protecta<br \/>\n\u2022 Van der Spek Groente en Fruit &#8211; Zevenhuizen<br \/>\n\u2022 De Zadelshop &#8211; Harmelen<\/p>\n<p>Iedereen bedankt voor deelname en inzet, het was een topdag!<\/p>\n","protected":false},"excerpt":{"rendered":"<p>Op zaterdag 3 november 2018 organiseert De Zuidplasruiters een K\u00fcr op Muziek. Iedereen kan meedoen &#8211; Ook voor niet leden &#8211; Geen verplichte onderdelen &#8211; In je eentje of met z\u2019n allen &#8211; Verkleed of juist op chique &#8211; Leuke prijzen Gebruik al je creativiteit om een leuke K\u00fcr in elkaar te zetten. Verzin een&#8230; <\/p>\n<div class=\"link-more\"><a href=\"https:\/\/www.zuidplasruiters.nl\/index.php\/kur-op-muziek\/\">Lees Meer<\/a><\/div>\n","protected":false},"author":1,"featured_media":1891,"parent":0,"menu_order":0,"comment_status":"closed","ping_status":"closed","template":"","meta":[],"aioseo_notices":[],"_links":{"self":[{"href":"https:\/\/www.zuidplasruiters.nl\/index.php\/wp-json\/wp\/v2\/pages\/2383"}],"collection":[{"href":"https:\/\/www.zuidplasruiters.nl\/index.php\/wp-json\/wp\/v2\/pages"}],"about":[{"href":"https:\/\/www.zuidplasruiters.nl\/index.php\/wp-json\/wp\/v2\/types\/page"}],"author":[{"embeddable":true,"href":"https:\/\/www.zuidplasruiters.nl\/index.php\/wp-json\/wp\/v2\/users\/1"}],"replies":[{"embeddable":true,"href":"https:\/\/www.zuidplasruiters.nl\/index.php\/wp-json\/wp\/v2\/comments?post=2383"}],"version-history":[{"count":2,"href":"https:\/\/www.zuidplasruiters.nl\/index.php\/wp-json\/wp\/v2\/pages\/2383\/revisions"}],"predecessor-version":[{"id":2448,"href":"https:\/\/www.zuidplasruiters.nl\/index.php\/wp-json\/wp\/v2\/pages\/2383\/revisions\/2448"}],"wp:featuredmedia":[{"embeddable":true,"href":"https:\/\/www.zuidplasruiters.nl\/index.php\/wp-json\/wp\/v2\/media\/1891"}],"wp:attachment":[{"href":"https:\/\/www.zuidplasruiters.nl\/index.php\/wp-json\/wp\/v2\/media?parent=2383"}],"curies":[{"name":"wp","href":"https:\/\/api.w.org\/{rel}","templated":true}]}}